{"version":"1.0","provider_name":"KPARTS WATERSPORTS","provider_url":"https:\/\/kparts-watersports.com\/es\/","title":"Cala de rake KPARTS - UNIVERSAL - KPARTS WATERSPORTS","type":"rich","width":600,"height":338,"html":"<blockquote class=\"wp-embedded-content\" data-secret=\"BDPNGpqQWF\"><a href=\"https:\/\/kparts-watersports.com\/es\/produit\/cala-de-rake-kparts-universal\/\">Cala de rake KPARTS &#8211; UNIVERSAL<\/a><\/blockquote><iframe sandbox=\"allow-scripts\" security=\"restricted\" src=\"https:\/\/kparts-watersports.com\/es\/produit\/cala-de-rake-kparts-universal\/embed\/#?secret=BDPNGpqQWF\" width=\"600\" height=\"338\" title=\"&#8220;Cala de rake KPARTS &#8211; UNIVERSAL&#8221; &#8212; KPARTS WATERSPORTS\" data-secret=\"BDPNGpqQWF\" frameborder=\"0\" marginwidth=\"0\" marginheight=\"0\" scrolling=\"no\" class=\"wp-embedded-content\"><\/iframe><script>\n\/*! This file is auto-generated *\/\n!function(d,l){\"use strict\";l.querySelector&&d.addEventListener&&\"undefined\"!=typeof URL&&(d.wp=d.wp||{},d.wp.receiveEmbedMessage||(d.wp.receiveEmbedMessage=function(e){var t=e.data;if((t||t.secret||t.message||t.value)&&!\/[^a-zA-Z0-9]\/.test(t.secret)){for(var s,r,n,a=l.querySelectorAll('iframe[data-secret=\"'+t.secret+'\"]'),o=l.querySelectorAll('blockquote[data-secret=\"'+t.secret+'\"]'),c=new RegExp(\"^https?:$\",\"i\"),i=0;i<o.length;i++)o[i].style.display=\"none\";for(i=0;i<a.length;i++)s=a[i],e.source===s.contentWindow&&(s.removeAttribute(\"style\"),\"height\"===t.message?(1e3<(r=parseInt(t.value,10))?r=1e3:~~r<200&&(r=200),s.height=r):\"link\"===t.message&&(r=new URL(s.getAttribute(\"src\")),n=new URL(t.value),c.test(n.protocol))&&n.host===r.host&&l.activeElement===s&&(d.top.location.href=t.value))}},d.addEventListener(\"message\",d.wp.receiveEmbedMessage,!1),l.addEventListener(\"DOMContentLoaded\",function(){for(var e,t,s=l.querySelectorAll(\"iframe.wp-embedded-content\"),r=0;r<s.length;r++)(t=(e=s[r]).getAttribute(\"data-secret\"))||(t=Math.random().toString(36).substring(2,12),e.src+=\"#?secret=\"+t,e.setAttribute(\"data-secret\",t)),e.contentWindow.postMessage({message:\"ready\",secret:t},\"*\")},!1)))}(window,document);\n\/\/# sourceURL=https:\/\/kparts-watersports.com\/wp-includes\/js\/wp-embed.min.js\n<\/script>\n","thumbnail_url":"https:\/\/kparts-watersports.com\/wp-content\/uploads\/2025\/11\/Cale-de-rake-universelle-KPARTS-Compressed.webp","thumbnail_width":600,"thumbnail_height":600,"description":"\ud83d\udd27 Cala de rake universal \u2013 Practicidad y eficacia Como complemento de nuestra gama completa de calas de rake a medida, proponemos esta cala de rake universal, ideal para riders que buscan sobre todo simplicidad y practicidad \u2705 Abierta en un extremo, se desliza f\u00e1cilmente bajo la platina sin desmontar el m\u00e1stil ni retirar los tornillos de las T-nuts. Un aut\u00e9ntico ahorro de tiempo en el montaje \u23f1\ufe0f \ud83d\udccf Dos tama\u00f1os disponibles: \ud83d\udd39 Tama\u00f1o M \u2013 Longitud \u00fatil 21 cm\u27a1\ufe0f Placas de tama\u00f1o medio: KPARTS, AFS, F-ONE aluminio, Alpine Foil, AXIS aluminio, Lok\u00e9foil, A\u00e9romod, etc. \ud83d\udd39 Tama\u00f1o L \u2013 Longitud \u00fatil 24 cm\u27a1\ufe0f Placas de gran tama\u00f1o: AXIS carbono, F-ONE carbono, Code Foils, SABFOIL, Armstrong, GONG, etc. \u26a0\ufe0f T\u00f3mate el tiempo de medir la longitud de tu platina para elegir el modelo adecuado. \ud83d\udd04 Ajuste del rake:\u2795 Aumentar el rake: inserta la cala por la parte delantera (lado grueso hacia delante)\u2796 Reducir el rake: inserta la cala por la parte trasera (lado grueso hacia atr\u00e1s) \u2139\ufe0f A tener en cuenta antes del montaje: \u2022 \ud83d\udcd0 Grosor de la cala: 5 mm para la cala de 1,0\u00b0 y 7 mm para la cala de 1,5\u00b0\u27a1\ufe0f Comprueba la longitud de tus tornillos originales (\u00bfson lo suficientemente largos?)\u27a1\ufe0f Tornillos disponibles en 30 \/ 35 \/ 40 mm en nuestra tienda \ud83d\uded2 \u2022 \u2693 Orientaci\u00f3n: coloca obligatoriamente la cara lisa hacia la carena\u27a1\ufe0f Las marcas de impresi\u00f3n en la otra cara podr\u00edan marcar la carena \u2022 \ud83c\udf21\ufe0f Temperatura m\u00e1xima de uso: 60\u00b0C\u26a0\ufe0f Evita el almacenamiento prolongado en un veh\u00edculo expuesto al sol \u2600\ufe0f\ud83d\ude97"}

🔧 Cala de rake universal – Practicidad y eficacia Como complemento de nuestra gama completa de calas de rake a medida, proponemos esta cala de rake universal, ideal para riders que buscan sobre todo simplicidad y practicidad ✅ Abierta en un extremo, se desliza fácilmente bajo la platina sin desmontar el mástil ni retirar los tornillos de las T-nuts. Un auténtico ahorro de tiempo en el montaje ⏱️ 📏 Dos tamaños disponibles: 🔹 Tamaño M – Longitud útil 21 cm➡️ Placas de tamaño medio: KPARTS, AFS, F-ONE aluminio, Alpine Foil, AXIS aluminio, Lokéfoil, Aéromod, etc. 🔹 Tamaño L – Longitud útil 24 cm➡️ Placas de gran tamaño: AXIS carbono, F-ONE carbono, Code Foils, SABFOIL, Armstrong, GONG, etc. ⚠️ Tómate el tiempo de medir la longitud de tu platina para elegir el modelo adecuado. 🔄 Ajuste del rake:➕ Aumentar el rake: inserta la cala por la parte delantera (lado grueso hacia delante)➖ Reducir el rake: inserta la cala por la parte trasera (lado grueso hacia atrás) ℹ️ A tener en cuenta antes del montaje: • 📐 Grosor de la cala: 5 mm para la cala de 1,0° y 7 mm para la cala de 1,5°➡️ Comprueba la longitud de tus tornillos originales (¿son lo suficientemente largos?)➡️ Tornillos disponibles en 30 / 35 / 40 mm en nuestra tienda 🛒 • ⚓ Orientación: coloca obligatoriamente la cara lisa hacia la carena➡️ Las marcas de impresión en la otra cara podrían marcar la carena • 🌡️ Temperatura máxima de uso: 60°C⚠️ Evita el almacenamiento prolongado en un vehículo expuesto al sol ☀️🚗
